*j, -5*j - 4 = -5*c - 2*j. Let k(l) = -6 + 2 + l**c - 4*l + 3*l. Determine k(3).
2
Let o(p) be the first derivative of p**3/3 + p**2/2 - 18. Determine o(-3).
6
Let r = 6 + -4. Let h(d) = 0*d**r + 2*d**2 - d + d**2. Let g be 2*2/(20/(-5)). Give h(g).
4
Let n be 3 - -4*(-5)/(-10). Let r(m) = -m + 9. Calculate r(n).
4
Let g = 2 + -8. Let x(z) = z + 1. Calculate x(g).
-5
Let x(k) = 1. Let o(r) = r**3 + 2*r**2 - 3*r - 7. Let v(d) = -o(d) - 4*x(d). What is v(-3)?
3
Let u(g) = 2*g - 4. Let n(v) = v**3 - 4*v**2 - 6*v. Let f be n(5). Give u(f).
-14
Let z(u) be the first derivative of -u**5/20 + u**4/3 - u**3/2 - 3*u**2/2 - u + 3. Let i(h) be the first derivative of z(h). Calculate i(3).
-3
Suppose -5*p + 14 + 6 = 0. Suppose v - h = -5*h - 13, 0 = 3*v - p*h - 9. Let b(n) = 8*n - 1. Determine b(v).
-9
Let b(h) = -h - 1 - 15*h**2 + 26*h**2 + 0. Calculate b(-1).
11
Suppose j + 90 = -8*j. Let f(g) = -g**2 - 11*g - 13. What is f(j)?
-3
Let c(q) be the second derivative of q**5/4 + q**4/12 - q**3/6 - 4*q. Give c(1).
5
Let s(x) = -x**2 + x + 1. Let j(z) = -5*z**2 + 6*z + 7. Let t(o) = -j(o) + 6*s(o). Let i = -1 - -2. What is t(i)?
-2
Let m(z) = -z**3 + 3*z**2 - z + 4. Let j be m(3). Suppose -j - 7 = -4*q. Let y(p) = -p + 2 - q - 3 + 5. What is y(2)?
0
Let m(r) = r + 5. Let j be m(-3). Let p be 1/1 + j + -1. Suppose p*s = 3*s. Let a(u) = -u**3 + 1. Calculate a(s).
1
Let k(b) = -13*b**3 - b**2 + 1. Let w(h) = 23*h - h**2 - 15*h - 9*h + h**3 - 1. Let z be w(0). Calculate k(z).
13
Let q be (-2)/((-6)/33*-1). Let w = -9 - q. Let n(d) = d**3 - 4*d**2 + 4*d - 2. What is n(w)?
-2
Let g(c) = -c**2 - 8*c - 8. Let o = 3 - 1. Suppose o*j = -j - 18. What is g(j)?
4
Let j(a) = -2*a**3 - 3*a**2 + 4*a - 2. Let n be j(1). Let l(i) = -5*i + 1. What is l(n)?
16
Let f(j) = j**3 + 6*j**2 + 2*j + 9. Suppose -10 - 20 = -2*z. Let a = z + -21. Determine f(a).
-3
Let v(p) = -6*p**2 + 4. Let a(f) = -f**2 + 2*f + 2. Let q be a(4). Let m(g) = 4*g - 4*g + 5*g**2 - 3. Let u(w) = q*v(w) - 7*m(w). Determine u(3).
6
Let h(g) be the third derivative of -7*g**4/24 - 2*g**3/3 - 35*g**2. Give h(-3).
17
Let l(y) = -29*y**2 - 3*y - 5. Let d(j) be the first derivative of -10*j**3/3 - j**2/2 - 2*j + 3. Let a(o) = 8*d(o) - 3*l(o). Give a(1).
7
Let r(d) = -d**2 - 4*d - 2. Let j be r(-2). Let x(q) = q**3 + 3 - 3 - q. Determine x(j).
6
Let i be 0 - (-2 - (-1 + 1)). Suppose s + 4 = 0, -3 + 4 = 3*q + i*s. Let y(a) = 4 + 2*a + 0 - 7. Give y(q).
3
Let a(y) = -y**3 + 3*y**2 + 2*y - 2. Suppose x - 4*x = -2*j - 11, 4*j = 5*x - 17. Suppose x*b - 3 - 12 = 0. Calculate a(b).
4
Let d(p) = p**3 + 6*p**2 + 6. Let h = 34 + -40. What is d(h)?
6
Let l(q) be the third derivative of q**6/120 - q**4/24 + 5*q**3/6 - q**2. Let t = -19 - -19. What is l(t)?
5
Let m(u) = 4*u**2 + 5*u + 2. Let w(k) = -7*k**2 - 10*k - 3. Let y(a) = -a**3 - 3*a**2 + 6*a + 5. Let s be y(-4). Let t(b) = s*w(b) - 5*m(b). Calculate t(-5).
-1
Let g(o) = -o**3 + 7*o**2 - 4*o - 7. Let j = 11 - 5. What is g(j)?
5
Let y(r) = 3*r + 5. Let i = -36 - -43. What is y(i)?
26
Let r(m) = m**2 - 3. Let z(c) = -c**3 - 7*c**2 + 8*c. Let w be z(-8). Suppose w = -5*b - 5 - 10. Determine r(b).
6
Let z = -18 + 23. Let q(f) = -f + 2. Determine q(z).
-3
Let v(c) be the second derivative of c**3/6 + 8*c**2 - 17*c. What is v(-9)?
7
Suppose -2*c + 2 + 4 = 0. Let a(v) be the second derivative of -v - 1/3*v**3 + 0 + 3/2*v**2 - 1/4*v**4 + 1/20*v**5. Calculate a(c).
-3
Let m(n) = n**2 - 13*n - 4. Let x be m(0). Let f(q) = -2*q**2 - 3*q + 5. Calculate f(x).
-15
Let w(m) = -m - 5. Let k be w(-6). Let y(d) be the second derivative of 5*d**3/3 + 7*d**2/2 - 2*d. Let n(l) = 9*l + 6. Let g(s) = 6*n(s) - 5*y(s). Give g(k).
5
Let m(z) = z + 2. Let p be m(4). Let k(n) = n - 3. Let c(v) = -v + 2. Let g(u) = 2*c(u) + 3*k(u). Give g(p).
1
Suppose 0 = 4*y + 2*l - 4*l + 24, 5*y = 5*l - 40. Let c(n) be the second derivative of -n**4/12 - 5*n**3/6 - 3*n**2/2 + 2*n. Calculate c(y).
1
Let g be 2 + 0 + 2 - 3. Let s(o) = -9*o**2 + 2*o - 1. Determine s(g).
-8
Let u = 75 - 51. Suppose -3*t - u = t. Let k(n) be the first derivative of n**2/2 + 10*n + 1. Determine k(t).
4
Let s = -37 - -37. Let g(r) be the second derivative of 1/2*r**2 - 1/6*r**3 - 1/20*r**5 + 2*r + 1/12*r**4 + 0. What is g(s)?
1
Let p be (0 + 6/3)*2. Suppose j - p*j - 9 = 0. Let g(y) = y**3 - 3*y**2 - 4 - 2*y**3 + 5 - 2*y. Determine g(j).
7
Suppose -2*g - 1 = -13. Let x(r) = r - 2*r + g*r - 3*r - 3. Let v(w) = 2*w - 3. Let m(c) = -5*v(c) + 6*x(c). Give m(-4).
-11
Suppose 0 = 3*l - 6*l + 6. Suppose -5 = -4*m - l*r - 1, 5*m = -4*r - 1. Let b(d) = -5 + 2*d**2 - m*d**2 - 5*d**3 + 4*d**3. What is b(0)?
-5
Let n(g) be the first derivative of -g**2/2 + 7. What is n(5)?
-5
Let f = 1 + 2. Let x(o) = 2*o**2 - 7*o + 5*o + 4*o + 4*o - o**f - 4. Give x(4).
-12
Let i = 7/45 + -19/180. Let h(t) be the second derivative of -1/6*t**3 - i*t**5 - 2*t - 1/12*t**4 + 0 + 1/2*t**2. What is h(0)?
1
Let z(g) = 6*g**3 - 2*g**2 - 9*g + 7. Let m(h) = 1 - 4*h - 2 + 5*h - h**3. Let t(w) = -5*m(w) - z(w). Let i(n) = -n**3 - n + 3. Let x be i(0). Calculate t(x).
1
Suppose 10 = -p + i, 5*i - 6*i - 5 = 2*p. Let m(k) = -k - 2. Let h(u) = -1. Let r(g) = 3*h(g) - m(g). What is r(p)?
-6
Suppose 3 = -j, -3*r - 21 + 0 = 4*j. Let y(u) = 3*u + 108 - 109 - 7*u. Calculate y(r).
11
Let j(h) = -1 + 6*h + 4*h - 11*h + 3*h. Let g be -5 + 3 + 15 + 1. Let x = g + -9. Calculate j(x).
9
Let u(x) = -3*x**3 + 2*x**2 + 5*x. Let b(d) = 7*d**3 - 3*d**2 - 10*d. Let n(t) = -4*b(t) - 9*u(t). Calculate n(-4).
-12
Let j(h) = h**3 + 6*h**2 + 2*h + 9. Let x = -51 + 45. What is j(x)?
-3
Let w(g) = -6 - g + 1 + 2*g - 4. What is w(4)?
-5
Suppose 4*t + j - 10 = -2, j = 0. Let d(l) = l + t - 3 + 3 + 0. Determine d(2).
4
Let t(q) = -q**2 + 7*q - 9. Let m(v) = v - 9. Let y be m(15). Give t(y).
-3
Suppose -2*v - 16 = -u, -37 = -2*u + 5*v - 0*v. Let f(j) = -j**2 + 7*j + 1. What is f(u)?
7
Let a be (-3 + 6)*((-10)/(-3) + -2). Let w(v) = v**3 - 4*v**2 + 3*v + 2. Determine w(a).
14
Let m(o) = 5*o - 5. Let u(d) = 1. Let r(s) = -m(s) - 6*u(s). Determine r(1).
-6
Let m(d) be the second derivative of d**5/20 - d**4/3 + d**3/2 - 2*d**2 + 6*d. Give m(4).
8
Let a(n) be the third derivative of n**5/20 - n**4/12 + n**3/6 - 15*n**2. Give a(1).
2
Let q(i) = i - 2. Suppose 2*m - 7*m = -10. Suppose 0 = p + 4*p - 50. Let g be (p/8)/(m/8). Calculate q(g).
3
Let h(f) = 6*f**2 + 2*f + 1 - 2*f**2 + 3*f**2. Suppose 8 = a - 3*a. Let n = -5 - a. What is h(n)?
6
Let w(x) = 2*x - 9. Let j be w(6). Suppose -t - 3*l = 2*l + 13, 3*l = -9. Let o(b) = -b + 2 - 3 + 2 + t. Calculate o(j).
0
Let h(y) = -y**2 + y - 4. Let x(g) = -g**2 + 2*g - 5. Let s(z) = 7*h(z) - 6*x(z). Suppose f + 1 = -3*v + 10, -4*f = 3*v. Determine s(f).
8
Let w(y) = 9*y - 1. Let t(n) = 8*n - 1. Let m(k) = 5*t(k) - 4*w(k). Determine m(-5).
-21
Let c(m) be the third derivative of 0 + 1/24*m**4 + m**2 + 1/6*m**3 - 1/60*m**5 + 0*m. Give c(-3).
-11
Suppose -1 + 15 = 2*p - 5*h, 4*p = -4*h. Let v(c) = 0*c - p*c + 1 + 4*c + 2. Let z = -10 + 5. What is v(z)?
-7
Let h(w) be the second derivative of -8*w + 2/3*w**3 - 3/2*w**2 + 1/20*w**5 - 1/3*w**4 + 0. Calculate h(2).
-3
Let u be (-10)/(-15) - 4/6. Suppose u = -0*g - 4*g. Let b(v) = -2*v - v - 3*v + g*v**2 - 4 - v**2. Calculate b(-6).
-4
Let q(j) be the first derivative of -j**3/3 - 3*j**2 - 6*j - 9. What is q(-5)?
-1
Let w(b) = b**3 + 7*b**2 + 9*b + 21. Let f be w(-6). Let a(m) = -m**2 + 4*m - 3 + 0*m**2 + 0*m**2. Calculate a(f).
0
Suppose -6*i + 4*k = -3*i + 5, -3 = 3*k. Let t(j) = 2*j - 1. Give t(i).
-7
Let l(b) = -b**2 - 7*b + 9. Let q be l(-8). Let i(p) = q - 5*p + 2*p + 0 - 2. Give i(1).
-4
Let c(l) be the second derivative of l**7/2520 + l**6/180 + l**5/24 + l**4/6 - l. Let p(b) be the third derivative of c(b). Calculate p(-4).
5
Let l = 43 + -40. Let w(g) = g + 4. Give w(l).
7
Let u = -24 - -29. Let q(x) be the second derivative of -1/4*x**4 + 5/6*x**3 + 3/2*x**2 + 0 - 1/20*x**u + 2*x. Give q(-3).
-12
Suppose w - 3 = -2*y, -3*w + 1 = y - 8. Let h(q) be the first derivative of -q**2 - 4*q + 7 + 1/3*q**3. Calculate h(w).
-1
Let p = 4 + -1. Let h(v) = v**2 - v - 4. Determine h(p).
2
Let a(o) = -2*o - 13. Let j be a(-5). Let g(t) = -4*t - 3. Determine g(j).
9
Let a = 14 - 9. Let y(m) = 8 + 4*m - a + 0*m - m**2. Determine